{"id":602,"date":"2022-02-24T10:56:19","date_gmt":"2022-02-24T09:56:19","guid":{"rendered":"https:\/\/www.trekrosetrip.com\/senegal\/?page_id=602"},"modified":"2025-06-25T15:12:02","modified_gmt":"2025-06-25T13:12:02","slug":"les-club-entreprises-engages","status":"publish","type":"page","link":"https:\/\/www.trekrosetrip.com\/senegal\/club-entreprises\/les-club-entreprises-engages\/","title":{"rendered":"Les Club Entreprises engag\u00e9s en 2024"},"content":{"rendered":"[vc_row full_width=\u00a0\u00bbstretch_row_content_no_spaces\u00a0\u00bb][vc_column][vc_row_inner content_placement=\u00a0\u00bbmiddle\u00a0\u00bb css=\u00a0\u00bb.vc_custom_1539010112340{background-color: #f8f8f8 !important;}\u00a0\u00bb][vc_column_inner width=\u00a0\u00bb1\/6&Prime;][\/vc_column_inner][vc_column_inner el_class=\u00a0\u00bbtext-center\u00a0\u00bb width=\u00a0\u00bb2\/3&Prime; css=\u00a0\u00bb.vc_custom_1709810859251{padding-right: 10px !important;padding-left: 10px !important;}\u00a0\u00bb][vc_empty_space height=\u00a0\u00bb90px\u00a0\u00bb]<div  class=\"heading-wrapper text-center text-titre\"  >\r\n\t\t\t<p class=\"subtitle\">#ClubEntreprises2024<\/p>\r\n\t\r\n\t<h2 class=\"second-title text-center\">Elles nous font confiance en 2024<\/h2>\r\n\r\n\t\r\n\t\t<div class=\"divider-solid\"><div class=\"divider-line\"><\/div><\/div>\t\r\n\t<\/div>\t\r\n\r\n[vc_empty_space height=\u00a0\u00bb20px\u00a0\u00bb]<div id=\"argenta-custom-69efb5bc1bae3\"  >\r\n\t<p style=\"text-align: justify;\">D\u00e9couvrez les 2 entreprises de la cat\u00e9gorie \u00ab\u00a0Club Entreprises\u00a0\u00bb qui nous font confiance en 2024 : <a href=\"https:\/\/groupem7.com\/fr\/unite-daffaires\/metal7\/\" target=\"_blank\" rel=\"noopener\">METAL7<\/a> et <a href=\"https:\/\/www.theoriginalshotels.com\/\" target=\"_blank\" rel=\"noopener\">The Originals Hotels<\/a>. Au total, ce sont trois \u00e9quipes qui se disputeront le troph\u00e9e Club Entreprises.<\/p>\n<\/div>\r\n\r\n[vc_empty_space height=\u00a0\u00bb30px\u00a0\u00bb]<div class=\"button_wrapper\"  >\r\n\t\r\n\t<a href=\"#equipes-club-entreprises\" class=\"btn btn-rounded text-center\" id=\"argenta-custom-69efb5bc1bbf4\">\r\n\t\t\t\t<span class=\"text\">D\u00e9couvrir les \u00e9quipes 2024<\/span>\r\n\t\t\t<\/a>\r\n\t\r\n<\/div>\r\n\r\n[vc_empty_space height=\u00a0\u00bb90px\u00a0\u00bb][\/vc_column_inner][vc_column_inner width=\u00a0\u00bb1\/6&Prime;][\/vc_column_inner][\/vc_row_inner][vc_empty_space height=\u00a0\u00bb0px\u00a0\u00bb el_id=\u00a0\u00bbstella-dias\u00a0\u00bb]<div class=\"split-box\" id=\"argenta-custom-69efb5bc1bcb0\" \r\n\t\t\t\t>\r\n\t\t<div class=\"vc_col-md-6 split-box-wrap\">\r\n\t\t<div class=\"parallax-bg\"><\/div>\r\n\t\t<div class=\"content\">\r\n\t\t\t<div  class=\"heading-wrapper text-left text-titre\"  >\r\n\t\r\n\t<h2 class=\"second-title text-left\">METAL7<\/h2>\r\n\r\n\t\r\n\t\t<div class=\"divider-solid\"><div class=\"divider-line\"><\/div><\/div>\t\r\n\t<\/div>\t\r\n\r\n[vc_empty_space height=\u00a0\u00bb20px\u00a0\u00bb]<div id=\"argenta-custom-69efb5bc1bf94\"  >\r\n\t<p align=\"justify\"><a href=\"https:\/\/groupem7.com\/fr\/unite-daffaires\/metal7\/\" target=\"_blank\" rel=\"noopener\">Metal7<\/a>, une unit\u00e9 d\u2019affaires de Groupe M7, d\u00e9veloppe et fabrique des \u00e9quipements de pointe pour l&rsquo;industrie mini\u00e8re, visant \u00e0 am\u00e9liorer la productivit\u00e9, la qualit\u00e9 et \u00e0 promouvoir des op\u00e9rations plus respectueuses de l&rsquo;environnement. Leurs produits incluent des solutions de tamisage, de filtration, des br\u00fbleurs, des syst\u00e8mes de transport et des composants pour les fours.<\/p>\n<p align=\"justify\">Fond\u00e9e sur 50 ans d&rsquo;expertise, Metal7 se distingue par son innovation et son engagement envers la durabilit\u00e9. L&rsquo;entreprise reconna\u00eet la contribution de ses employ\u00e9s passionn\u00e9s, issus de divers horizons, \u00e0 son succ\u00e8s.<\/p>\n<p align=\"justify\">Metal7 appuie activement trois de ses employ\u00e9es, Les Roses des Vents, participant au Rose Trip S\u00e9n\u00e9gal 2024, un trek exclusivement f\u00e9minin soutenant le Ruban Rose et le Cap Eco Solidaire. Cette initiative refl\u00e8te les valeurs de l&rsquo;entreprise en mati\u00e8re d&rsquo;innovation, de durabilit\u00e9 et d&rsquo;inclusion.<\/p>\n<p align=\"justify\">Au-del\u00e0 de ses activit\u00e9s, Metal7 s&rsquo;engage dans des solutions \u00e9co-responsables pour ses clients, favorisant la productivit\u00e9, la qualit\u00e9, l&rsquo;\u00e9conomie d&rsquo;\u00e9nergie et la r\u00e9duction des d\u00e9chets. L&rsquo;entreprise promeut une innovation durable pour un avenir meilleur.<\/p>\n<p align=\"justify\">En appuyant l\u2019\u00e9quipe Les Roses des Vents, Metal7 renforce sa culture ax\u00e9e sur le bien-\u00eatre, l&rsquo;engagement social et la solidarit\u00e9. Avec les autres entit\u00e9s du Groupe M7, Metal7 \u0153uvre \u00e0 cr\u00e9er un avenir o\u00f9 l&rsquo;\u00e9co-responsabilit\u00e9 et la sant\u00e9 sont prioritaires pour les collaborateurs et pour la plan\u00e8te.<\/p>\n<p align=\"justify\">En savoir plus : <a href=\"https:\/\/groupem7.com\/fr\/unite-daffaires\/metal7\/\" target=\"_blank\" rel=\"noopener\">METAL7<\/a> | <a href=\"https:\/\/fr.linkedin.com\/company\/groupe-m7-group\" target=\"_blank\" rel=\"noopener\">LinkedIn<\/a> | <a href=\"https:\/\/www.youtube.com\/channel\/UCKUlx8t-gQJ-2dOp9-hnVQw\" target=\"_blank\" rel=\"noopener\">Youtube<\/a><\/p>\n<\/div>\r\n\r\n[vc_empty_space height=\u00a0\u00bb15px\u00a0\u00bb]\t\t<\/div>\r\n\t<\/div>\t<div class=\"vc_col-md-6 split-box-wrap\">\r\n\t\t<div class=\"parallax-bg\"><\/div>\r\n\t\t<div class=\"content\">\r\n\t\t\t[vc_single_image image=\u00a0\u00bb5415&Prime; img_size=\u00a0\u00bbfull\u00a0\u00bb alignment=\u00a0\u00bbcenter\u00a0\u00bb]\t\t<\/div>\r\n\t<\/div>\t\r\n<\/div>\r\n\r\n[vc_empty_space height=\u00a0\u00bb0px\u00a0\u00bb el_id=\u00a0\u00bbdifuze\u00a0\u00bb]<div class=\"split-box\" id=\"argenta-custom-69efb5bc1c0bc\" \r\n\t\t\t\t>\r\n\t\t<div class=\"vc_col-md-6 split-box-wrap\">\r\n\t\t<div class=\"parallax-bg\"><\/div>\r\n\t\t<div class=\"content\">\r\n\t\t\t[vc_single_image image=\u00a0\u00bb5417&Prime; img_size=\u00a0\u00bbfull\u00a0\u00bb alignment=\u00a0\u00bbcenter\u00a0\u00bb]\t\t<\/div>\r\n\t<\/div>\t<div class=\"vc_col-md-6 split-box-wrap\">\r\n\t\t<div class=\"parallax-bg\"><\/div>\r\n\t\t<div class=\"content\">\r\n\t\t\t<div  class=\"heading-wrapper text-left text-titre\"  >\r\n\t\r\n\t<h2 class=\"second-title text-left\">The Originals Hotels<\/h2>\r\n\r\n\t\r\n\t\t<div class=\"divider-solid\"><div class=\"divider-line\"><\/div><\/div>\t\r\n\t<\/div>\t\r\n\r\n[vc_empty_space height=\u00a0\u00bb20px\u00a0\u00bb]<div id=\"argenta-custom-69efb5bc1c35d\"  >\r\n\t<p align=\"justify\"><a href=\"https:\/\/www.theoriginalshotels.com\/\" target=\"_blank\" rel=\"noopener\">The Originals Hotels<\/a> est une coop\u00e9rative de 350 h\u00f4teliers ind\u00e9pendants partout en France qui pensent qu\u2019une nouvelle h\u00f4tellerie est n\u00e9cessaire et attendue : plus humaine, plus authentique et plus locale.<\/p>\n<p align=\"justify\">Notre premi\u00e8re richesse est notre diversit\u00e9. Elle nous permet de r\u00e9pondre au mieux aux attentes vari\u00e9es de notre client\u00e8le : \u00e9tablissements haut de gamme, h\u00f4tels cosy et chaleureux ou simplement contemporains et fonctionnels pour des s\u00e9jours \u00e9conomiques.<\/p>\n<p align=\"justify\">En savoir plus : <a href=\"https:\/\/www.theoriginalshotels.com\/\" target=\"_blank\" rel=\"noopener\">www.theoriginalshotels.com<\/a> |<a href=\"https:\/\/www.facebook.com\/theoriginalshotels\/\" target=\"_blank\" rel=\"noopener\">Facebook<\/a> | <a href=\"https:\/\/www.instagram.com\/accounts\/login\/?next=%2Fthe_originals_hotels%2F\" target=\"_blank\" rel=\"noopener\">Instagram<\/a> | <a href=\"https:\/\/www.linkedin.com\/company\/theoriginalshotels?originalSubdomain=fr\" target=\"_blank\" rel=\"noopener\">LinkedIn<\/a> | <a href=\"https:\/\/www.youtube.com\/channel\/UCQ3oPOkq48_MvhkrF3_yX3g\/videos?app=desktop\" target=\"_blank\" rel=\"noopener\">Youtube<\/a> | <a href=\"https:\/\/www.tiktok.com\/@the_originals_hotels\" target=\"_blank\" rel=\"noopener\">TikTok<\/a><\/p>\n<\/div>\r\n\r\n[vc_empty_space height=\u00a0\u00bb0px\u00a0\u00bb]\t\t<\/div>\r\n\t<\/div>\t\r\n<\/div>\r\n\r\n[\/vc_column][vc_column css=\u00a0\u00bb.vc_custom_1711107664982{background-color: #f8f8f8 !important;}\u00a0\u00bb][vc_empty_space height=\u00a0\u00bb15px\u00a0\u00bb][\/vc_column][\/vc_row][vc_row full_width=\u00a0\u00bbstretch_row\u00a0\u00bb css=\u00a0\u00bb.vc_custom_1711107733477{background-color: #ffffff !important;}\u00a0\u00bb el_id=\u00a0\u00bbequipes-club-entreprises\u00a0\u00bb][vc_column][vc_row_inner][vc_column_inner][vc_empty_space height=\u00a0\u00bb20px\u00a0\u00bb]<div  class=\"heading-wrapper text-center text-titre\"  >\r\n\t\t\t<p class=\"subtitle\">Equipes Club Entreprises 2024<\/p>\r\n\t\r\n\t<h2 class=\"second-title text-center\">D\u00e9couvrir les \u00e9quipes 2024<\/h2>\r\n\r\n\t\r\n\t\t<div class=\"divider-solid\"><div class=\"divider-line\"><\/div><\/div>\t\r\n\t<\/div>\t\r\n\r\n[vc_empty_space height=\u00a0\u00bb20px\u00a0\u00bb]<div class=\"gallery-wrap\" id=\"argenta-custom-69efb5bc50357\" data-gallery=\"argenta-custom-69efb5bc50356\">\r\n\r\n\t\t\t<div class=\"vc_col-md-4 gallery-image\" data-gallery-item=\"0\">\r\n\t\t<div class=\"wrap\">\r\n\t\t\t<img decoding=\"async\" class=\"gimg\" src=\"https:\/\/www.trekrosetrip.com\/senegal\/wp-content\/uploads\/sites\/3\/2024\/03\/65.png\" alt=\"\">\r\n\t\t\t<div class=\"overlay\">\r\n\t\t\t\t<div class=\"icon-shape\">\r\n\t\t\t\t\t<img decoding=\"async\" src=\"https:\/\/www.trekrosetrip.com\/senegal\/wp-content\/themes\/argenta\/images\/arr-out.svg\" alt=\"\">\r\n\t\t\t\t<\/div>\r\n\t\t\t<\/div>\r\n\t\t\t<div class=\"gallery-description\">\r\n\t\t\t\t<p class=\"subtitle small\">\r\n\t\t\t\t\t\t\t\t\t<\/p>\r\n\t\t\t\t<h3 class=\"title\">Equipe 65 - METAL7 | Rose Trip S\u00e9n\u00e9gal 2024<\/h3>\r\n\t\t\t<\/div>\r\n\t\t<\/div>\r\n\t<\/div>\r\n\t\t\t<div class=\"vc_col-md-4 gallery-image\" data-gallery-item=\"1\">\r\n\t\t<div class=\"wrap\">\r\n\t\t\t<img decoding=\"async\" class=\"gimg\" src=\"https:\/\/www.trekrosetrip.com\/senegal\/wp-content\/uploads\/sites\/3\/2024\/03\/122.png\" alt=\"\">\r\n\t\t\t<div class=\"overlay\">\r\n\t\t\t\t<div class=\"icon-shape\">\r\n\t\t\t\t\t<img decoding=\"async\" src=\"https:\/\/www.trekrosetrip.com\/senegal\/wp-content\/themes\/argenta\/images\/arr-out.svg\" alt=\"\">\r\n\t\t\t\t<\/div>\r\n\t\t\t<\/div>\r\n\t\t\t<div class=\"gallery-description\">\r\n\t\t\t\t<p class=\"subtitle small\">\r\n\t\t\t\t\t\t\t\t\t<\/p>\r\n\t\t\t\t<h3 class=\"title\">Equipe 122 - The ORIGINALS | Rose Trip S\u00e9n\u00e9gal 2024<\/h3>\r\n\t\t\t<\/div>\r\n\t\t<\/div>\r\n\t<\/div>\r\n\t\t\t<div class=\"vc_col-md-4 gallery-image\" data-gallery-item=\"2\">\r\n\t\t<div class=\"wrap\">\r\n\t\t\t<img decoding=\"async\" class=\"gimg\" src=\"https:\/\/www.trekrosetrip.com\/senegal\/wp-content\/uploads\/sites\/3\/2024\/03\/123.png\" alt=\"\">\r\n\t\t\t<div class=\"overlay\">\r\n\t\t\t\t<div class=\"icon-shape\">\r\n\t\t\t\t\t<img decoding=\"async\" src=\"https:\/\/www.trekrosetrip.com\/senegal\/wp-content\/themes\/argenta\/images\/arr-out.svg\" alt=\"\">\r\n\t\t\t\t<\/div>\r\n\t\t\t<\/div>\r\n\t\t\t<div class=\"gallery-description\">\r\n\t\t\t\t<p class=\"subtitle small\">\r\n\t\t\t\t\t\t\t\t\t<\/p>\r\n\t\t\t\t<h3 class=\"title\">Equipe 123 - The ORIGINALS | Rose Trip S\u00e9n\u00e9gal 2024<\/h3>\r\n\t\t\t<\/div>\r\n\t\t<\/div>\r\n\t<\/div>\r\n\t\t\t<div class=\"clear\"><\/div>\r\n\r\n<\/div>\r\n\r\n<div class=\"gallery gallery-light\" id=\"argenta-custom-69efb5bc50356\">\r\n\t<div class=\"close\">\r\n\t\t<span class=\"ion-ios-close-empty-x\">X<\/span>\r\n\t<\/div>\r\n<\/div>\r\n\r\n[vc_empty_space height=\u00a0\u00bb90px\u00a0\u00bb][\/vc_column_inner][\/vc_row_inner][\/vc_column][\/vc_row]\n","protected":false},"excerpt":{"rendered":"<p>[vc_row full_width=\u00a0\u00bbstretch_row_content_no_spaces\u00a0\u00bb][vc_column][vc_row_inner content_placement=\u00a0\u00bbmiddle\u00a0\u00bb css=\u00a0\u00bb.vc_custom_1539010112340{background-color: #f8f8f8 !important;}\u00a0\u00bb][vc_column_inner width=\u00a0\u00bb1\/6&Prime;][\/vc_column_inner][vc_column_inner el_class=\u00a0\u00bbtext-center\u00a0\u00bb width=\u00a0\u00bb2\/3&Prime; css=\u00a0\u00bb.vc_custom_1709810859251{padding-right: 10px !important;padding-left: 10px !important;}\u00a0\u00bb][vc_empty_space height=\u00a0\u00bb90px\u00a0\u00bb][vc_empty_space height=\u00a0\u00bb20px\u00a0\u00bb][vc_empty_space height=\u00a0\u00bb30px\u00a0\u00bb][vc_empty_space height=\u00a0\u00bb90px\u00a0\u00bb][\/vc_column_inner][vc_column_inner width=\u00a0\u00bb1\/6&Prime;][\/vc_column_inner][\/vc_row_inner][vc_empty_space height=\u00a0\u00bb0px\u00a0\u00bb el_id=\u00a0\u00bbstella-dias\u00a0\u00bb][vc_empty_space height=\u00a0\u00bb0px\u00a0\u00bb el_id=\u00a0\u00bbdifuze\u00a0\u00bb][\/vc_column][vc_column css=\u00a0\u00bb.vc_custom_1711107664982{background-color: #f8f8f8 !important;}\u00a0\u00bb][vc_empty_space height=\u00a0\u00bb15px\u00a0\u00bb][\/vc_column][\/vc_row][vc_row full_width=\u00a0\u00bbstretch_row\u00a0\u00bb css=\u00a0\u00bb.vc_custom_1711107733477{background-color: #ffffff !important;}\u00a0\u00bb el_id=\u00a0\u00bbequipes-club-entreprises\u00a0\u00bb][vc_column][vc_row_inner][vc_column_inner][vc_empty_space height=\u00a0\u00bb20px\u00a0\u00bb][vc_empty_space height=\u00a0\u00bb20px\u00a0\u00bb][vc_empty_space height=\u00a0\u00bb90px\u00a0\u00bb][\/vc_column_inner][\/vc_row_inner][\/vc_column][\/vc_row]<\/p>\n","protected":false},"author":1,"featured_media":0,"parent":80,"menu_order":0,"comment_status":"closed","ping_status":"closed","template":"page-templates\/page_without-sidebar.php","meta":{"_acf_changed":false,"footnotes":""},"class_list":["post-602","page","type-page","status-publish","hentry"],"acf":[],"_links":{"self":[{"href":"https:\/\/www.trekrosetrip.com\/senegal\/wp-json\/wp\/v2\/pages\/602","targetHints":{"allow":["GET"]}}],"collection":[{"href":"https:\/\/www.trekrosetrip.com\/senegal\/wp-json\/wp\/v2\/pages"}],"about":[{"href":"https:\/\/www.trekrosetrip.com\/senegal\/wp-json\/wp\/v2\/types\/page"}],"author":[{"embeddable":true,"href":"https:\/\/www.trekrosetrip.com\/senegal\/wp-json\/wp\/v2\/users\/1"}],"replies":[{"embeddable":true,"href":"https:\/\/www.trekrosetrip.com\/senegal\/wp-json\/wp\/v2\/comments?post=602"}],"version-history":[{"count":0,"href":"https:\/\/www.trekrosetrip.com\/senegal\/wp-json\/wp\/v2\/pages\/602\/revisions"}],"up":[{"embeddable":true,"href":"https:\/\/www.trekrosetrip.com\/senegal\/wp-json\/wp\/v2\/pages\/80"}],"wp:attachment":[{"href":"https:\/\/www.trekrosetrip.com\/senegal\/wp-json\/wp\/v2\/media?parent=602"}],"curies":[{"name":"wp","href":"https:\/\/api.w.org\/{rel}","templated":true}]}}