{"id":167,"date":"2020-03-24T18:50:09","date_gmt":"2020-03-24T17:50:09","guid":{"rendered":"http:\/\/www.trekrosetrip.com\/maroc\/?page_id=167"},"modified":"2025-06-25T15:17:46","modified_gmt":"2025-06-25T13:17:46","slug":"le-projet-solidaire","status":"publish","type":"page","link":"https:\/\/www.trekrosetrip.com\/maroc\/le-projet-solidaire\/","title":{"rendered":"Le projet solidaire Enfants du d\u00e9sert"},"content":{"rendered":"[vc_row el_class=\u00a0\u00bbtext-center\u00a0\u00bb][vc_column][vc_empty_space height=\u00a0\u00bb70px\u00a0\u00bb]<div  class=\"heading-wrapper text-center text-titre\"  >\r\n\t\t\t<p class=\"subtitle\">#Enfants du D\u00e9sert<\/p>\r\n\t\r\n\t<h2 class=\"second-title text-center\">Un nouveau projet pour soutenir l\u2019artisanat local et l\u2019autonomie des femmes<\/h2>\r\n\r\n\t\r\n\t\t<div class=\"divider-solid\"><div class=\"divider-line\"><\/div><\/div>\t\r\n\t<\/div>\t\r\n\r\n[vc_empty_space height=\u00a0\u00bb20px\u00a0\u00bb]<div id=\"argenta-custom-69f5e8679d52d\"  >\r\n\t<p style=\"text-align: justify;\"><strong>Depuis 2005<\/strong>, <a href=\"https:\/\/www.desertours.com\" target=\"_blank\" rel=\"noopener\">D\u00e9sertours<\/a> collabore avec l\u2019<a href=\"https:\/\/enfantsdudesert.org\" target=\"_blank\" rel=\"noopener\">association Enfants du d\u00e9sert<\/a>, <strong>pr\u00e9sid\u00e9e par Laetitia Chevallier<\/strong>. Sa devise, \u00ab <em>Apprendre \u00e0 lire, \u00e9crire, compter : un droit pour tous<\/em> \u00bb, r\u00e9sume son action en faveur de la scolarisation et de l\u2019am\u00e9lioration des conditions de vie d\u2019enfants g\u00e9ographiquement isol\u00e9s.<\/p>\n<p style=\"text-align: justify;\">Parce qu\u2019elles ont toutes des histoires singuli\u00e8res, une envie in\u00e9puisable d\u2019apprendre, un combat sur le pass\u00e9 \u00e0 gagner, le r\u00eave d\u2019un futur plus serein\u2026 C\u2019est aupr\u00e8s des femmes seules du d\u00e9sert marocain, que l\u2019action solidaire du trek avec Enfants du d\u00e9sert s\u2019est orient\u00e9e, d\u00e8s la premi\u00e8re \u00e9dition.<\/p>\n<p style=\"text-align: justify;\">L\u2019action a commenc\u00e9 en 2018 par la mise en place d\u2019\u00e9levages solidaires de ch\u00e8vres aupr\u00e8s des femmes du village d\u2019Haroun. En deux ans, elle s\u2019est amplifi\u00e9e et permet aujourd\u2019hui \u00e0 85 femmes de g\u00e9rer leur propre \u00e9levage de ch\u00e8vres. En parall\u00e8le de cela, un programme d\u2019alphab\u00e9tisation a pris forme et leur permet chaque semaine d\u2019apprendre \u00e0 lire et \u00e0 \u00e9crire l\u2019arabe.<\/p>\n<p style=\"text-align: justify;\">Afin de contribuer \u00e0 l\u2019\u00e9mancipation des femmes dans le besoin, <a href=\"https:\/\/enfantsdudesert.org\" target=\"_blank\" rel=\"noopener\">Enfants du d\u00e9sert<\/a> et <a href=\"https:\/\/www.desertours.com\" target=\"_blank\" rel=\"noopener\">D\u00e9sertours<\/a> ont souhait\u00e9 les accompagner davantage dans leur qu\u00eate d\u2019autonomie (financi\u00e8re et de vie). Ce projet d\u00e9velopp\u00e9 entre 2021 et 2022 s&rsquo;est inscrit dans la <strong>continuit\u00e9 des actions d\u00e9velopp\u00e9es depuis 2018<\/strong> et a permis d\u2019<strong>am\u00e9liorer leur quotidien de fa\u00e7on consid\u00e9rable<\/strong>.<\/p>\n<p style=\"text-align: justify;\">Pour cela, le projet a \u00e9t\u00e9 d\u2019\u00e9quiper les femmes du d\u00e9sert de <strong>m\u00e9tiers \u00e0 tisser<\/strong> et <strong>de laines<\/strong> afin qu\u2019elles puissent laisser parler leur savoir-faire <strong>en r\u00e9alisant des tapis<\/strong>. Ces femmes ont de l\u2019or entre les doigts et la vente de ces tapis leur permet de percevoir un revenu, fruit de leur travail. L\u2019\u00e9quipe d\u2019Enfants du d\u00e9sert se charge de l\u2019encadrement de ce projet afin d\u2019orienter les femmes dans leurs cr\u00e9ations et rendre possible les ventes.<\/p>\n<\/div>\r\n\r\n[vc_empty_space height=\u00a0\u00bb60px\u00a0\u00bb][\/vc_column][\/vc_row][vc_row full_width=\u00a0\u00bbstretch_row_content_no_spaces\u00a0\u00bb content_placement=\u00a0\u00bbtop\u00a0\u00bb css=\u00a0\u00bb.vc_custom_1620744249801{background-color: #f1f3f3 !important;}\u00a0\u00bb][vc_column css=\u00a0\u00bb.vc_custom_1620744281067{margin-top: 0px !important;padding-top: 0px !important;}\u00a0\u00bb]<div class=\"split-box\" id=\"argenta-custom-69f5e8679d5cf\" \r\n\t\tdata-parallax-right=\"vertical\"\t\tdata-parallax-speed-right=\"1.0\">\r\n\t\t<div class=\"vc_col-md-6 split-box-wrap\">\r\n\t\t<div class=\"parallax-bg\"><\/div>\r\n\t\t<div class=\"content\">\r\n\t\t\t<div id=\"argenta-custom-69f5e8679dd89\"  class=\"heading-wrapper text-left text-titre\"  >\r\n\t\r\n\t<h2 class=\"second-title text-left\">UN NOUVEAU PROJET DEPUIS 2023<\/h2>\r\n\r\n\t\r\n\t\t<div class=\"divider-solid\"><div class=\"divider-line\"><\/div><\/div>\t\r\n\t<\/div>\t\r\n\r\n<div id=\"argenta-custom-69f5e8679de7d\"  >\r\n\t<p style=\"text-align: justify;\">Afin de lutter contre la pr\u00e9carit\u00e9 menstruelle, <a href=\"https:\/\/enfantsdudesert.org\" target=\"_blank\" rel=\"noopener\">Enfants du d\u00e9sert<\/a> et <a href=\"https:\/\/www.desertours.com\" target=\"_blank\" rel=\"noopener\">D\u00e9sertours<\/a> ont d\u00e9cid\u00e9 de d\u00e9velopper une nouvelle action visant \u00e0 \u00e9quiper les femmes et les jeunes filles en culottes menstruelles.<\/p>\n<p style=\"text-align: justify;\">La pr\u00e9carit\u00e9 menstruelle n&rsquo;\u00e9chappe \u00e0 aucune des femmes et jeunes filles du d\u00e9sert. Malheureusement, celle-ci a des cons\u00e9quences consid\u00e9rables sur la scolarit\u00e9 le quotidien des femmes. En effet, elles sont tr\u00e8s nombreuses \u00e0 ne pas se rendre l&rsquo;\u00e9cole lors de leur menstruation, de peur de ne pas contr\u00f4ler leur flux.<\/p>\n<p>En 2023, les trekkeuses ont r\u00e9uni un total de 51 000 \u20ac pour l\u2019association Enfants du D\u00e9sert. Les dons des trekkeuses ont permis de financer 5 100 culottes soit l\u2019\u00e9quipement de 2 175 femmes. Les dons de cette ann\u00e9e permettront de poursuivre et de faire grandir ce projet pour les femmes d\u00e9j\u00e0 soutenues et cela permettra aussi \u00e0 d\u2019autres femmes de rejoindre ce programme.<\/p>\n<p style=\"text-align: justify;\">Afin de leur apporter une solution durable, \u00e9cologique et confortable, chaque femme b\u00e9n\u00e9ficiaire recevra 4 culottes menstruelles lors d&rsquo;un atelier (atelier ayant pour objectif de r\u00e9pondre aux questions des b\u00e9n\u00e9ficiaires concernant leur intimit\u00e9 et leur cycle menstruel).<\/p>\n<\/div>\r\n\r\n[vc_single_image image=\u00a0\u00bb14270&Prime; img_size=\u00a0\u00bbfull\u00a0\u00bb alignment=\u00a0\u00bbright\u00a0\u00bb onclick=\u00a0\u00bbcustom_link\u00a0\u00bb img_link_target=\u00a0\u00bb_blank\u00a0\u00bb link=\u00a0\u00bbhttps:\/\/enfantsdudesert.org\u00a0\u00bb][vc_empty_space height=\u00a0\u00bb20px\u00a0\u00bb]\t\t<\/div>\r\n\t<\/div>\t<div class=\"vc_col-md-6 split-box-wrap\">\r\n\t\t<div class=\"parallax-bg\"><\/div>\r\n\t\t<div class=\"content\">\r\n\t\t\t\t\t<\/div>\r\n\t<\/div>\t\r\n<\/div>\r\n\r\n[\/vc_column][\/vc_row][vc_row full_width=\u00a0\u00bbstretch_row\u00a0\u00bb content_placement=\u00a0\u00bbtop\u00a0\u00bb css=\u00a0\u00bb.vc_custom_1620743732842{background-color: #ffffff !important;}\u00a0\u00bb el_class=\u00a0\u00bbtext-center\u00a0\u00bb][vc_column css=\u00a0\u00bb.vc_custom_1485168358638{padding-top: 0px !important;}\u00a0\u00bb][vc_empty_space height=\u00a0\u00bb70px\u00a0\u00bb el_class=\u00a0\u00bbarg-spacer\u00a0\u00bb]<div id=\"argenta-custom-69f5e8679df9e\"  class=\"heading-wrapper text-center text-titre\"  >\r\n\t\t\t<p class=\"subtitle\"><\/p>\r\n\t\r\n\t<h2 class=\"second-title text-center\">Contribuer au projet<\/h2>\r\n\r\n\t\r\n\t\t<div class=\"divider-solid\"><div class=\"divider-line\"><\/div><\/div>\t\r\n\t<\/div>\t\r\n\r\n[vc_empty_space height=\u00a0\u00bb5px\u00a0\u00bb][vc_column_text]\n<p align=\"justify\">Les Roses Trekkeuses pourront <strong>s\u2019impliquer financi\u00e8rement dans ce projet<\/strong> et permettre ainsi \u00e0 l\u2018association de r\u00e9colter les fonds n\u00e9cessaires pour l\u2019achat des culottes menstruelles aupr\u00e8s d&rsquo;une entreprise locale. Elles pourront ainsi accompagner le nombre de femmes et jeunes filles qu&rsquo;elles souhaiteront.<\/p>\n<p align=\"justify\">Pour plus d\u2019informations, contactez l\u2019association <strong>Enfants du d\u00e9sert<\/strong> \u00e0 <a href=\"mailto:asso@enfantsdudesert.org\" target=\"_blank\" rel=\"noopener\">asso@enfantsdudesert.org<\/a><\/p>\n[\/vc_column_text][vc_empty_space height=\u00a0\u00bb70px\u00a0\u00bb el_class=\u00a0\u00bbarg-spacer\u00a0\u00bb][\/vc_column][\/vc_row][vc_row full_width=\u00a0\u00bbstretch_row\u00a0\u00bb content_placement=\u00a0\u00bbtop\u00a0\u00bb css=\u00a0\u00bb.vc_custom_1509931932039{background-color: #f1f3f3 !important;}\u00a0\u00bb el_class=\u00a0\u00bbtext-center\u00a0\u00bb][vc_column css=\u00a0\u00bb.vc_custom_1485168358638{padding-top: 0px !important;}\u00a0\u00bb][vc_empty_space height=\u00a0\u00bb70px\u00a0\u00bb el_class=\u00a0\u00bbarg-spacer\u00a0\u00bb]<div id=\"argenta-custom-69f5e8679e054\"  class=\"heading-wrapper text-center text-titre\"  >\r\n\t\t\t<p class=\"subtitle\">#Solidarit\u00e9<\/p>\r\n\t\r\n\t<h2 class=\"second-title text-center\">D\u00e9couvrez tous les partenaires solidaires du Rose Trip Maroc<\/h2>\r\n\r\n\t\r\n\t\t<div class=\"divider-solid\"><div class=\"divider-line\"><\/div><\/div>\t\r\n\t<\/div>\t\r\n\r\n[vc_empty_space height=\u00a0\u00bb5px\u00a0\u00bb]<div class=\"button_wrapper\"  >\r\n\t\r\n\t<a href=\"http:\/\/www.trekrosetrip.com\/maroc\/trek-solidaire\/\" class=\"btn btn-rounded\" id=\"argenta-custom-69f5e8679e131\">\r\n\t\t\t\t<span class=\"text\">En savoir plus<\/span>\r\n\t\t\t<\/a>\r\n\t\r\n<\/div>\r\n\r\n[vc_empty_space height=\u00a0\u00bb70px\u00a0\u00bb el_class=\u00a0\u00bbarg-spacer\u00a0\u00bb][\/vc_column][\/vc_row]\n","protected":false},"excerpt":{"rendered":"<p>[vc_row el_class=\u00a0\u00bbtext-center\u00a0\u00bb][vc_column][vc_empty_space height=\u00a0\u00bb70px\u00a0\u00bb][vc_empty_space height=\u00a0\u00bb20px\u00a0\u00bb][vc_empty_space height=\u00a0\u00bb60px\u00a0\u00bb][\/vc_column][\/vc_row][vc_row full_width=\u00a0\u00bbstretch_row_content_no_spaces\u00a0\u00bb content_placement=\u00a0\u00bbtop\u00a0\u00bb css=\u00a0\u00bb.vc_custom_1620744249801{background-color: #f1f3f3 !important;}\u00a0\u00bb][vc_column css=\u00a0\u00bb.vc_custom_1620744281067{margin-top: 0px !important;padding-top: 0px !important;}\u00a0\u00bb][\/vc_column][\/vc_row][vc_row full_width=\u00a0\u00bbstretch_row\u00a0\u00bb content_placement=\u00a0\u00bbtop\u00a0\u00bb css=\u00a0\u00bb.vc_custom_1620743732842{background-color: #ffffff !important;}\u00a0\u00bb el_class=\u00a0\u00bbtext-center\u00a0\u00bb][vc_column css=\u00a0\u00bb.vc_custom_1485168358638{padding-top: 0px !important;}\u00a0\u00bb][vc_empty_space height=\u00a0\u00bb70px\u00a0\u00bb el_class=\u00a0\u00bbarg-spacer\u00a0\u00bb][vc_empty_space height=\u00a0\u00bb5px\u00a0\u00bb][vc_column_text] Les Roses Trekkeuses pourront s\u2019impliquer financi\u00e8rement dans ce projet et permettre ainsi \u00e0 l\u2018association de r\u00e9colter les fonds n\u00e9cessaires pour l\u2019achat des culottes menstruelles aupr\u00e8s d&rsquo;une entreprise locale. [&hellip;]<\/p>\n","protected":false},"author":1,"featured_media":0,"parent":0,"menu_order":0,"comment_status":"closed","ping_status":"closed","template":"page-templates\/page_without-sidebar.php","meta":{"_acf_changed":false,"footnotes":""},"class_list":["post-167","page","type-page","status-publish","hentry"],"acf":[],"yoast_head":"<!-- This site is optimized with the Yoast SEO Premium plugin v27.4 (Yoast SEO v27.4) - https:\/\/yoast.com\/product\/yoast-seo-premium-wordpress\/ -->\n<title>Le projet solidaire Enfants du d\u00e9sert - Rose Trip Maroc<\/title>\n<meta name=\"description\" content=\"En plus d&#039;\u00eatre une aventure sportive, le Rose Trip Maroc se veut \u00e9galement \u00eatre une aventure solidaire via les diff\u00e9rentes actions men\u00e9es.\" \/>\n<meta name=\"robots\" content=\"index, follow, max-snippet:-1, max-image-preview:large, max-video-preview:-1\" \/>\n<link rel=\"canonical\" href=\"https:\/\/www.trekrosetrip.com\/maroc\/le-projet-solidaire\/\" \/>\n<meta property=\"og:locale\" content=\"fr_FR\" \/>\n<meta property=\"og:type\" content=\"article\" \/>\n<meta property=\"og:title\" content=\"Le projet solidaire Enfants du d\u00e9sert\" \/>\n<meta property=\"og:description\" content=\"En plus d&#039;\u00eatre une aventure sportive, le Rose Trip Maroc se veut \u00e9galement \u00eatre une aventure solidaire via les diff\u00e9rentes actions men\u00e9es.\" \/>\n<meta property=\"og:url\" content=\"https:\/\/www.trekrosetrip.com\/maroc\/le-projet-solidaire\/\" \/>\n<meta property=\"og:site_name\" content=\"Rose Trip Maroc\" \/>\n<meta property=\"article:modified_time\" content=\"2025-06-25T13:17:46+00:00\" \/>\n<meta property=\"og:image\" content=\"https:\/\/www.trekrosetrip.com\/maroc\/wp-content\/uploads\/sites\/2\/2024\/03\/projet-solidaire-rose-trip-maroc.jpg\" \/>\n\t<meta property=\"og:image:width\" content=\"1500\" \/>\n\t<meta property=\"og:image:height\" content=\"1000\" \/>\n\t<meta property=\"og:image:type\" content=\"image\/jpeg\" \/>\n<meta name=\"twitter:card\" content=\"summary_large_image\" \/>\n<meta name=\"twitter:description\" content=\"En plus d&#039;\u00eatre une aventure sportive, le Rose Trip Maroc se veut \u00e9galement \u00eatre une aventure solidaire via les diff\u00e9rentes actions men\u00e9es.\" \/>\n<meta name=\"twitter:label1\" content=\"Dur\u00e9e de lecture estim\u00e9e\" \/>\n\t<meta name=\"twitter:data1\" content=\"4 minutes\" \/>\n<script type=\"application\/ld+json\" class=\"yoast-schema-graph\">{\"@context\":\"https:\\\/\\\/schema.org\",\"@graph\":[{\"@type\":\"WebPage\",\"@id\":\"https:\\\/\\\/www.trekrosetrip.com\\\/maroc\\\/le-projet-solidaire\\\/\",\"url\":\"https:\\\/\\\/www.trekrosetrip.com\\\/maroc\\\/le-projet-solidaire\\\/\",\"name\":\"Le projet solidaire Enfants du d\u00e9sert - Rose Trip Maroc\",\"isPartOf\":{\"@id\":\"https:\\\/\\\/www.trekrosetrip.com\\\/maroc\\\/#website\"},\"datePublished\":\"2020-03-24T17:50:09+00:00\",\"dateModified\":\"2025-06-25T13:17:46+00:00\",\"description\":\"En plus d'\u00eatre une aventure sportive, le Rose Trip Maroc se veut \u00e9galement \u00eatre une aventure solidaire via les diff\u00e9rentes actions men\u00e9es.\",\"breadcrumb\":{\"@id\":\"https:\\\/\\\/www.trekrosetrip.com\\\/maroc\\\/le-projet-solidaire\\\/#breadcrumb\"},\"inLanguage\":\"fr-FR\",\"potentialAction\":[{\"@type\":\"ReadAction\",\"target\":[\"https:\\\/\\\/www.trekrosetrip.com\\\/maroc\\\/le-projet-solidaire\\\/\"]}]},{\"@type\":\"BreadcrumbList\",\"@id\":\"https:\\\/\\\/www.trekrosetrip.com\\\/maroc\\\/le-projet-solidaire\\\/#breadcrumb\",\"itemListElement\":[{\"@type\":\"ListItem\",\"position\":1,\"name\":\"Home\",\"item\":\"https:\\\/\\\/www.trekrosetrip.com\\\/maroc\\\/\"},{\"@type\":\"ListItem\",\"position\":2,\"name\":\"Le projet solidaire Enfants du d\u00e9sert\"}]},{\"@type\":\"WebSite\",\"@id\":\"https:\\\/\\\/www.trekrosetrip.com\\\/maroc\\\/#website\",\"url\":\"https:\\\/\\\/www.trekrosetrip.com\\\/maroc\\\/\",\"name\":\"Rose Trip Maroc\",\"description\":\"Trek d&#039;orientation f\u00e9minin et solidaire dans le d\u00e9sert du Maroc\",\"potentialAction\":[{\"@type\":\"SearchAction\",\"target\":{\"@type\":\"EntryPoint\",\"urlTemplate\":\"https:\\\/\\\/www.trekrosetrip.com\\\/maroc\\\/?s={search_term_string}\"},\"query-input\":{\"@type\":\"PropertyValueSpecification\",\"valueRequired\":true,\"valueName\":\"search_term_string\"}}],\"inLanguage\":\"fr-FR\"}]}<\/script>\n<!-- \/ Yoast SEO Premium plugin. -->","yoast_head_json":{"title":"Le projet solidaire Enfants du d\u00e9sert - Rose Trip Maroc","description":"En plus d'\u00eatre une aventure sportive, le Rose Trip Maroc se veut \u00e9galement \u00eatre une aventure solidaire via les diff\u00e9rentes actions men\u00e9es.","robots":{"index":"index","follow":"follow","max-snippet":"max-snippet:-1","max-image-preview":"max-image-preview:large","max-video-preview":"max-video-preview:-1"},"canonical":"https:\/\/www.trekrosetrip.com\/maroc\/le-projet-solidaire\/","og_locale":"fr_FR","og_type":"article","og_title":"Le projet solidaire Enfants du d\u00e9sert","og_description":"En plus d'\u00eatre une aventure sportive, le Rose Trip Maroc se veut \u00e9galement \u00eatre une aventure solidaire via les diff\u00e9rentes actions men\u00e9es.","og_url":"https:\/\/www.trekrosetrip.com\/maroc\/le-projet-solidaire\/","og_site_name":"Rose Trip Maroc","article_modified_time":"2025-06-25T13:17:46+00:00","og_image":[{"width":1500,"height":1000,"url":"https:\/\/www.trekrosetrip.com\/maroc\/wp-content\/uploads\/sites\/2\/2024\/03\/projet-solidaire-rose-trip-maroc.jpg","type":"image\/jpeg"}],"twitter_card":"summary_large_image","twitter_description":"En plus d'\u00eatre une aventure sportive, le Rose Trip Maroc se veut \u00e9galement \u00eatre une aventure solidaire via les diff\u00e9rentes actions men\u00e9es.","twitter_misc":{"Dur\u00e9e de lecture estim\u00e9e":"4 minutes"},"schema":{"@context":"https:\/\/schema.org","@graph":[{"@type":"WebPage","@id":"https:\/\/www.trekrosetrip.com\/maroc\/le-projet-solidaire\/","url":"https:\/\/www.trekrosetrip.com\/maroc\/le-projet-solidaire\/","name":"Le projet solidaire Enfants du d\u00e9sert - Rose Trip Maroc","isPartOf":{"@id":"https:\/\/www.trekrosetrip.com\/maroc\/#website"},"datePublished":"2020-03-24T17:50:09+00:00","dateModified":"2025-06-25T13:17:46+00:00","description":"En plus d'\u00eatre une aventure sportive, le Rose Trip Maroc se veut \u00e9galement \u00eatre une aventure solidaire via les diff\u00e9rentes actions men\u00e9es.","breadcrumb":{"@id":"https:\/\/www.trekrosetrip.com\/maroc\/le-projet-solidaire\/#breadcrumb"},"inLanguage":"fr-FR","potentialAction":[{"@type":"ReadAction","target":["https:\/\/www.trekrosetrip.com\/maroc\/le-projet-solidaire\/"]}]},{"@type":"BreadcrumbList","@id":"https:\/\/www.trekrosetrip.com\/maroc\/le-projet-solidaire\/#breadcrumb","itemListElement":[{"@type":"ListItem","position":1,"name":"Home","item":"https:\/\/www.trekrosetrip.com\/maroc\/"},{"@type":"ListItem","position":2,"name":"Le projet solidaire Enfants du d\u00e9sert"}]},{"@type":"WebSite","@id":"https:\/\/www.trekrosetrip.com\/maroc\/#website","url":"https:\/\/www.trekrosetrip.com\/maroc\/","name":"Rose Trip Maroc","description":"Trek d&#039;orientation f\u00e9minin et solidaire dans le d\u00e9sert du Maroc","potentialAction":[{"@type":"SearchAction","target":{"@type":"EntryPoint","urlTemplate":"https:\/\/www.trekrosetrip.com\/maroc\/?s={search_term_string}"},"query-input":{"@type":"PropertyValueSpecification","valueRequired":true,"valueName":"search_term_string"}}],"inLanguage":"fr-FR"}]}},"_links":{"self":[{"href":"https:\/\/www.trekrosetrip.com\/maroc\/wp-json\/wp\/v2\/pages\/167","targetHints":{"allow":["GET"]}}],"collection":[{"href":"https:\/\/www.trekrosetrip.com\/maroc\/wp-json\/wp\/v2\/pages"}],"about":[{"href":"https:\/\/www.trekrosetrip.com\/maroc\/wp-json\/wp\/v2\/types\/page"}],"author":[{"embeddable":true,"href":"https:\/\/www.trekrosetrip.com\/maroc\/wp-json\/wp\/v2\/users\/1"}],"replies":[{"embeddable":true,"href":"https:\/\/www.trekrosetrip.com\/maroc\/wp-json\/wp\/v2\/comments?post=167"}],"version-history":[{"count":0,"href":"https:\/\/www.trekrosetrip.com\/maroc\/wp-json\/wp\/v2\/pages\/167\/revisions"}],"wp:attachment":[{"href":"https:\/\/www.trekrosetrip.com\/maroc\/wp-json\/wp\/v2\/media?parent=167"}],"curies":[{"name":"wp","href":"https:\/\/api.w.org\/{rel}","templated":true}]}}