{"id":207,"date":"2024-04-23T12:26:16","date_gmt":"2024-04-23T10:26:16","guid":{"rendered":"https:\/\/www.trekrosetrip.com\/cap-vert\/?page_id=207"},"modified":"2025-12-16T16:03:40","modified_gmt":"2025-12-16T15:03:40","slug":"reunions-dinformations-webinaires","status":"publish","type":"page","link":"https:\/\/www.trekrosetrip.com\/cap-vert\/reunions-dinformations-webinaires\/","title":{"rendered":"Les r\u00e9unions d&rsquo;informations &#038; webinaires"},"content":{"rendered":"[vc_row][vc_column width=\u00a0\u00bb1\/6&Prime;][\/vc_column][vc_column width=\u00a0\u00bb2\/3&Prime;][vc_empty_space height=\u00a0\u00bb90px\u00a0\u00bb]<div  class=\"heading-wrapper text-center text-titre\"  >\r\n\t\t\t<p class=\"subtitle\">Europe &amp; Canada<\/p>\r\n\t\r\n\t<h2 class=\"second-title text-center\">Les rencontres entre Roses Trekkeuses et r\u00e9unions d'informations<\/h2>\r\n\r\n\t\r\n\t\t<div class=\"divider-solid\"><div class=\"divider-line\"><\/div><\/div>\t\r\n\t<\/div>\t\r\n\r\n[vc_empty_space height=\u00a0\u00bb20px\u00a0\u00bb][vc_row_inner][vc_column_inner el_class=\u00a0\u00bbtext-center\u00a0\u00bb width=\u00a0\u00bb1\/2&Prime;]<div class=\"button_wrapper\"  >\r\n\t\r\n\t<a href=\"#rencontre-eu\" class=\"btn btn-rounded\" id=\"argenta-custom-69ecf5931a618\">\r\n\t\t\t\t<span class=\"text\">S'inscrire \u00e0 une r\u00e9union en Europe<\/span>\r\n\t\t\t<\/a>\r\n\t\r\n<\/div>\r\n\r\n[\/vc_column_inner][vc_column_inner el_class=\u00a0\u00bbtext-center\u00a0\u00bb width=\u00a0\u00bb1\/2&Prime;]<div class=\"button_wrapper\"  >\r\n\t\r\n\t<a href=\"#rencontre-ca\" class=\"btn btn-rounded\" id=\"argenta-custom-69ecf5931a6f2\">\r\n\t\t\t\t<span class=\"text\">S'inscrire \u00e0 une r\u00e9union au Canada<\/span>\r\n\t\t\t<\/a>\r\n\t\r\n<\/div>\r\n\r\n[\/vc_column_inner][\/vc_row_inner][vc_empty_space height=\u00a0\u00bb20px\u00a0\u00bb]<div id=\"argenta-custom-69ecf5931a7cb\"  >\r\n\t<p style=\"text-align: justify;\">Tout au long de l\u2019ann\u00e9e, les conseill\u00e8res aventure se d\u00e9placent pour venir vous rencontrer, pr\u00e9senter les treks Rose Trip et r\u00e9pondre \u00e0 toutes vos questions. Au cours de ces rencontres et soir\u00e9es, vous aurez la possibilit\u00e9 d\u2019\u00e9changer avec d\u2019anciennes participantes et de recueillir leur retour d\u2019exp\u00e9rience. Ce sera \u00e9galement l\u2019occasion de faire connaissance avec l\u2019\u00e9quipe d\u2019organisation, laquelle vous accompagnera de la pr\u00e9paration jusqu\u2019\u00e0 la ligne de d\u00e9part.<\/p>\n<h3>Pourquoi assister \u00e0 une r\u00e9union d\u2019informations ?<\/h3>\n<p style=\"text-align: justify;\"><strong>VOUS SAUREZ TOUT !<\/strong> De la vie sur les treks \u00e0 leur pr\u00e9paration, de la collecte de fonds \u00e0 la pr\u00e9paration physique en passant naturellement par les volets \u00e9co-citoyens et solidaires des treks ; nous vous donnerons toutes les informations cl\u00e9s pour vous lancer dans l\u2019aventure.<\/p>\n<\/div>\r\n\r\n[vc_empty_space height=\u00a0\u00bb40px\u00a0\u00bb][vc_row_inner css=\u00a0\u00bb.vc_custom_1611219898778{border-top-width: 1px !important;border-right-width: 1px !important;border-bottom-width: 1px !important;border-left-width: 1px !important;padding-top: 0px !important;padding-right: 20px !important;padding-bottom: 30px !important;padding-left: 20px !important;border-left-color: #e3e3e3 !important;border-left-style: solid !important;border-right-color: #e3e3e3 !important;border-right-style: solid !important;border-top-color: #e3e3e3 !important;border-top-style: solid !important;border-bottom-color: #e3e3e3 !important;border-bottom-style: solid !important;}\u00a0\u00bb el_class=\u00a0\u00bbalign-justify\u00a0\u00bb][vc_column_inner]<div id=\"argenta-custom-69ecf5931a884\" class=\"icon-box-left\"  >\r\n\r\n\t<div class=\"icon-box-image brand-color brand-border-color icon-box-shape-shadow\">\r\n\t\t\t\t<span class=\"my-icon-gen-light-bulb brand-color\"><\/span>\r\n\t\t\t<\/div>\r\n\r\n\t<div class=\"icon-box-wrap-content\">\r\n\t\t<h3 class=\"title icon-box-title\">LE SAVIEZ-VOUS ?<\/h3>\r\n\t\t\r\n\t\t\t\t\r\n\t\t\t\t\t<p class=\"icon-box-description\">Les conseill\u00e8res organisent \u00e9galement des s\u00e9ances de coaching pour les \u00e9quipes pr\u00e9-inscrits. En pr\u00e9sence d\u2019une conseill\u00e8re et d\u2019autres \u00e9quipages, ces s\u00e9ances de coaching d\u2019une heure sont un excellent moyen de brainstormer sur la pr\u00e9paration de votre trek et de recueillir de pr\u00e9cieux conseils et astuces de la part de l\u2019\u00e9quipe d\u2019organisation mais aussi des autres Roses Trekkeuses. Naturellement, ces s\u00e9ances sont parfaites pour faire connaissance avec les Roses Trekkeuses que vous retrouverez sur le terrain ; vous repartirez plus motiv\u00e9es que jamais !<\/p>\r\n\r\n\t\t\t\t\t<\/div>\r\n\t\t\r\n<\/div>\r\n\r\n[\/vc_column_inner][\/vc_row_inner][vc_empty_space height=\u00a0\u00bb90px\u00a0\u00bb][\/vc_column][vc_column width=\u00a0\u00bb1\/6&Prime;][\/vc_column][\/vc_row][vc_row full_width=\u00a0\u00bbstretch_row\u00a0\u00bb content_placement=\u00a0\u00bbtop\u00a0\u00bb css=\u00a0\u00bb.vc_custom_1611221082291{background-color: #f8f8f8 !important;}\u00a0\u00bb el_class=\u00a0\u00bbvertical-align-top\u00a0\u00bb][vc_column]<div  class=\"heading-wrapper text-center\"  >\r\n\t\r\n\t<h2 class=\"second-title text-center\">Les r\u00e9unions d'informations &amp; les webinaires<\/h2>\r\n\r\n\t\r\n\t\r\n\t\t\t<p class=\"subtitle\"><\/p>\r\n\t<\/div>\t\r\n\r\n<div class=\"split-box\" id=\"argenta-custom-69ecf5931aa21\" \r\n\t\t\t\t>\r\n\t\t<div class=\"vc_col-md-6 split-box-wrap\">\r\n\t\t<div class=\"parallax-bg\"><\/div>\r\n\t\t<div class=\"content\">\r\n\t\t\t<div  class=\"heading-wrapper text-center text-titre\"  >\r\n\t\t\t<p class=\"subtitle\"><\/p>\r\n\t\r\n\t<h3 class=\"second-title text-center\">Les r\u00e9unions d'informations<\/h3>\r\n\r\n\t\r\n\t\t<div class=\"divider-solid\"><div class=\"divider-line\"><\/div><\/div>\t\r\n\t<\/div>\t\r\n\r\n[vc_empty_space height=\u00a0\u00bb20&Prime;]<div id=\"argenta-custom-69ecf5931ad0e\"  >\r\n\t<p style=\"text-align: justify;\">Au programme, une r\u00e9union d\u2019informations et d\u2019\u00e9changes pour aborder l\u2019essentiel et vous d\u00e9voiler tous les aspects des treks\u00a0:<\/p>\n<ul>\n<li>Pr\u00e9paration<\/li>\n<li>Vie sur le trek<\/li>\n<li>Aspects sportifs<\/li>\n<li>Solidarit\u00e9<\/li>\n<li>&#8230;<\/li>\n<\/ul>\n<p style=\"text-align: justify;\">Une occasion unique pour vous de rencontrer les conseill\u00e8res aventure D\u00e9sertours et les anciennes participantes de votre r\u00e9gion.<\/p>\n<p style=\"text-align: justify;\">Envie d\u2019en savoir plus sur les treks ? N\u2019h\u00e9sitez-pas \u00e0 venir nous rencontrer :<\/p>\n<p id=\"rencontre-eu\"><strong>En Europe :<\/strong><\/p>\n<p>    <ul>\r\n                    <li>Dates et infos \u00e0 venir.<\/li>\r\n            <\/ul>\r\n    <\/p>\n<p id=\"rencontre-ca\"><strong>Au Canada :<\/strong><\/p>\n<p>    <ul>\r\n                    <li>Dates et infos \u00e0 venir.<\/li>\r\n            <\/ul>\r\n    <\/p>\n<\/div>\r\n\r\n\t\t<\/div>\r\n\t<\/div>\t<div class=\"vc_col-md-6 split-box-wrap\">\r\n\t\t<div class=\"parallax-bg\"><\/div>\r\n\t\t<div class=\"content\">\r\n\t\t\t<div  class=\"heading-wrapper text-center text-titre\"  >\r\n\t\t\t<p class=\"subtitle\"><\/p>\r\n\t\r\n\t<h3 class=\"second-title text-center\">Les webinaires<\/h3>\r\n\r\n\t\r\n\t\t<div class=\"divider-solid\"><div class=\"divider-line\"><\/div><\/div>\t\r\n\t<\/div>\t\r\n\r\n[vc_empty_space height=\u00a0\u00bb20&Prime;]<div id=\"argenta-custom-69ecf5931aee6\"  >\r\n\t<p><strong>Au Canada<\/strong> :<br \/>\n    <ul>\r\n                    <li>Dates et infos \u00e0 venir.<\/li>\r\n            <\/ul>\r\n    <\/p>\n<p>&nbsp;<\/p>\n<p><strong>En Europe<\/strong> :<br \/>\n    <ul>\r\n                    <li>Dates et infos \u00e0 venir.<\/li>\r\n            <\/ul>\r\n    <\/p>\n<\/div>\r\n\r\n\t\t<\/div>\r\n\t<\/div>\t\r\n<\/div>\r\n\r\n[\/vc_column][\/vc_row][vc_row full_width=\u00a0\u00bbstretch_row_content_no_spaces\u00a0\u00bb css=\u00a0\u00bb.vc_custom_1646209574104{background-color: #d7006d !important;}\u00a0\u00bb][vc_column css=\u00a0\u00bb.vc_custom_1509923406622{padding-top: 0px !important;}\u00a0\u00bb el_class=\u00a0\u00bbtext-center\u00a0\u00bb][vc_empty_space height=\u00a0\u00bb50px\u00a0\u00bb el_class=\u00a0\u00bbarg-spacer\u00a0\u00bb]<div id=\"argenta-custom-69ecf5931af8d\"  class=\"heading-wrapper text-center text-blanc text-titre\"  >\r\n\t\t\t<p class=\"subtitle\">Besoins de plus d'informations ?<\/p>\r\n\t\r\n\t<h2 class=\"second-title text-center\">Contacter l'\u00e9quipe Rose Trip<\/h2>\r\n\r\n\t\r\n\t\t<div class=\"divider-solid\"><div class=\"divider-line\"><\/div><\/div>\t\r\n\t<\/div>\t\r\n\r\n[vc_empty_space height=\u00a0\u00bb20px\u00a0\u00bb el_class=\u00a0\u00bbarg-spacer\u00a0\u00bb]<div class=\"button_wrapper\"  >\r\n\t\r\n\t<a href=\"https:\/\/www.trekrosetrip.com\/cap-vert\/contact\/\" class=\"btn btn-rounded btn-large\" id=\"argenta-custom-69ecf5931b071\">\r\n\t\t\t\t<span class=\"text\">Contactez-nous<\/span>\r\n\t\t\t<\/a>\r\n\t\r\n<\/div>\r\n\r\n[vc_empty_space height=\u00a0\u00bb50px\u00a0\u00bb el_class=\u00a0\u00bbarg-spacer\u00a0\u00bb][\/vc_column][\/vc_row]\n","protected":false},"excerpt":{"rendered":"<p>[vc_row][vc_column width=\u00a0\u00bb1\/6&Prime;][\/vc_column][vc_column width=\u00a0\u00bb2\/3&Prime;][vc_empty_space height=\u00a0\u00bb90px\u00a0\u00bb][vc_empty_space height=\u00a0\u00bb20px\u00a0\u00bb][vc_row_inner][vc_column_inner el_class=\u00a0\u00bbtext-center\u00a0\u00bb width=\u00a0\u00bb1\/2&Prime;][\/vc_column_inner][vc_column_inner el_class=\u00a0\u00bbtext-center\u00a0\u00bb width=\u00a0\u00bb1\/2&Prime;][\/vc_column_inner][\/vc_row_inner][vc_empty_space height=\u00a0\u00bb20px\u00a0\u00bb][vc_empty_space height=\u00a0\u00bb40px\u00a0\u00bb][vc_row_inner css=\u00a0\u00bb.vc_custom_1611219898778{border-top-width: 1px !important;border-right-width: 1px !important;border-bottom-width: 1px !important;border-left-width: 1px !important;padding-top: 0px !important;padding-right: 20px !important;padding-bottom: 30px !important;padding-left: 20px !important;border-left-color: #e3e3e3 !important;border-left-style: solid !important;border-right-color: #e3e3e3 !important;border-right-style: solid !important;border-top-color: #e3e3e3 !important;border-top-style: solid !important;border-bottom-color: #e3e3e3 !important;border-bottom-style: solid !important;}\u00a0\u00bb el_class=\u00a0\u00bbalign-justify\u00a0\u00bb][vc_column_inner][\/vc_column_inner][\/vc_row_inner][vc_empty_space height=\u00a0\u00bb90px\u00a0\u00bb][\/vc_column][vc_column width=\u00a0\u00bb1\/6&Prime;][\/vc_column][\/vc_row][vc_row full_width=\u00a0\u00bbstretch_row\u00a0\u00bb content_placement=\u00a0\u00bbtop\u00a0\u00bb css=\u00a0\u00bb.vc_custom_1611221082291{background-color: #f8f8f8 !important;}\u00a0\u00bb el_class=\u00a0\u00bbvertical-align-top\u00a0\u00bb][vc_column][\/vc_column][\/vc_row][vc_row full_width=\u00a0\u00bbstretch_row_content_no_spaces\u00a0\u00bb css=\u00a0\u00bb.vc_custom_1646209574104{background-color: [&hellip;]<\/p>\n","protected":false},"author":1,"featured_media":0,"parent":0,"menu_order":0,"comment_status":"closed","ping_status":"closed","template":"page-templates\/page_without-sidebar.php","meta":{"_acf_changed":false,"footnotes":""},"class_list":["post-207","page","type-page","status-publish","hentry"],"acf":[],"yoast_head":"<!-- This site is optimized with the Yoast SEO Premium plugin v27.4 (Yoast SEO v27.4) - https:\/\/yoast.com\/product\/yoast-seo-premium-wordpress\/ -->\n<title>Les r\u00e9unions d&#039;informations &amp; webinaires | Rose Trip Cap-Vert<\/title>\n<meta name=\"description\" content=\"R\u00e9servez votre place pour le Rose Trip Cap-Vert afin d&#039;assurer votre pr\u00e9sence sur la ligne de d\u00e9part. Nombre de places limit\u00e9es !\" \/>\n<meta name=\"robots\" content=\"index, follow, max-snippet:-1, max-image-preview:large, max-video-preview:-1\" \/>\n<link rel=\"canonical\" href=\"https:\/\/www.trekrosetrip.com\/cap-vert\/reunions-dinformations-webinaires\/\" \/>\n<meta property=\"og:locale\" content=\"fr_FR\" \/>\n<meta property=\"og:type\" content=\"article\" \/>\n<meta property=\"og:title\" content=\"Les r\u00e9unions d&#039;informations &amp; webinaires\" \/>\n<meta property=\"og:description\" content=\"R\u00e9servez votre place pour le Rose Trip Cap-Vert afin d&#039;assurer votre pr\u00e9sence sur la ligne de d\u00e9part. Nombre de places limit\u00e9es !\" \/>\n<meta property=\"og:url\" content=\"https:\/\/www.trekrosetrip.com\/cap-vert\/reunions-dinformations-webinaires\/\" \/>\n<meta property=\"og:site_name\" content=\"Rose Trip Cap-Vert Boa Vista\" \/>\n<meta property=\"article:modified_time\" content=\"2025-12-16T15:03:40+00:00\" \/>\n<meta property=\"og:image\" content=\"https:\/\/www.trekrosetrip.com\/cap-vert\/wp-content\/uploads\/sites\/5\/2025\/06\/reunion-information-et-webinaire-rose-trip-cap-vert.jpg\" \/>\n\t<meta property=\"og:image:width\" content=\"1500\" \/>\n\t<meta property=\"og:image:height\" content=\"609\" \/>\n\t<meta property=\"og:image:type\" content=\"image\/jpeg\" \/>\n<meta name=\"twitter:card\" content=\"summary_large_image\" \/>\n<meta name=\"twitter:label1\" content=\"Dur\u00e9e de lecture estim\u00e9e\" \/>\n\t<meta name=\"twitter:data1\" content=\"3 minutes\" \/>\n<script type=\"application\/ld+json\" class=\"yoast-schema-graph\">{\"@context\":\"https:\\\/\\\/schema.org\",\"@graph\":[{\"@type\":\"WebPage\",\"@id\":\"https:\\\/\\\/www.trekrosetrip.com\\\/cap-vert\\\/reunions-dinformations-webinaires\\\/\",\"url\":\"https:\\\/\\\/www.trekrosetrip.com\\\/cap-vert\\\/reunions-dinformations-webinaires\\\/\",\"name\":\"Les r\u00e9unions d'informations & webinaires | Rose Trip Cap-Vert\",\"isPartOf\":{\"@id\":\"https:\\\/\\\/www.trekrosetrip.com\\\/cap-vert\\\/#website\"},\"datePublished\":\"2024-04-23T10:26:16+00:00\",\"dateModified\":\"2025-12-16T15:03:40+00:00\",\"description\":\"R\u00e9servez votre place pour le Rose Trip Cap-Vert afin d'assurer votre pr\u00e9sence sur la ligne de d\u00e9part. Nombre de places limit\u00e9es !\",\"breadcrumb\":{\"@id\":\"https:\\\/\\\/www.trekrosetrip.com\\\/cap-vert\\\/reunions-dinformations-webinaires\\\/#breadcrumb\"},\"inLanguage\":\"fr-FR\",\"potentialAction\":[{\"@type\":\"ReadAction\",\"target\":[\"https:\\\/\\\/www.trekrosetrip.com\\\/cap-vert\\\/reunions-dinformations-webinaires\\\/\"]}]},{\"@type\":\"BreadcrumbList\",\"@id\":\"https:\\\/\\\/www.trekrosetrip.com\\\/cap-vert\\\/reunions-dinformations-webinaires\\\/#breadcrumb\",\"itemListElement\":[{\"@type\":\"ListItem\",\"position\":1,\"name\":\"Accueil\",\"item\":\"https:\\\/\\\/www.trekrosetrip.com\\\/cap-vert\\\/\"},{\"@type\":\"ListItem\",\"position\":2,\"name\":\"Les r\u00e9unions d&rsquo;informations &#038; webinaires\"}]},{\"@type\":\"WebSite\",\"@id\":\"https:\\\/\\\/www.trekrosetrip.com\\\/cap-vert\\\/#website\",\"url\":\"https:\\\/\\\/www.trekrosetrip.com\\\/cap-vert\\\/\",\"name\":\"Rose Trip Cap-Vert Boa Vista\",\"description\":\"\",\"potentialAction\":[{\"@type\":\"SearchAction\",\"target\":{\"@type\":\"EntryPoint\",\"urlTemplate\":\"https:\\\/\\\/www.trekrosetrip.com\\\/cap-vert\\\/?s={search_term_string}\"},\"query-input\":{\"@type\":\"PropertyValueSpecification\",\"valueRequired\":true,\"valueName\":\"search_term_string\"}}],\"inLanguage\":\"fr-FR\"}]}<\/script>\n<!-- \/ Yoast SEO Premium plugin. -->","yoast_head_json":{"title":"Les r\u00e9unions d'informations & webinaires | Rose Trip Cap-Vert","description":"R\u00e9servez votre place pour le Rose Trip Cap-Vert afin d'assurer votre pr\u00e9sence sur la ligne de d\u00e9part. Nombre de places limit\u00e9es !","robots":{"index":"index","follow":"follow","max-snippet":"max-snippet:-1","max-image-preview":"max-image-preview:large","max-video-preview":"max-video-preview:-1"},"canonical":"https:\/\/www.trekrosetrip.com\/cap-vert\/reunions-dinformations-webinaires\/","og_locale":"fr_FR","og_type":"article","og_title":"Les r\u00e9unions d'informations & webinaires","og_description":"R\u00e9servez votre place pour le Rose Trip Cap-Vert afin d'assurer votre pr\u00e9sence sur la ligne de d\u00e9part. Nombre de places limit\u00e9es !","og_url":"https:\/\/www.trekrosetrip.com\/cap-vert\/reunions-dinformations-webinaires\/","og_site_name":"Rose Trip Cap-Vert Boa Vista","article_modified_time":"2025-12-16T15:03:40+00:00","og_image":[{"width":1500,"height":609,"url":"https:\/\/www.trekrosetrip.com\/cap-vert\/wp-content\/uploads\/sites\/5\/2025\/06\/reunion-information-et-webinaire-rose-trip-cap-vert.jpg","type":"image\/jpeg"}],"twitter_card":"summary_large_image","twitter_misc":{"Dur\u00e9e de lecture estim\u00e9e":"3 minutes"},"schema":{"@context":"https:\/\/schema.org","@graph":[{"@type":"WebPage","@id":"https:\/\/www.trekrosetrip.com\/cap-vert\/reunions-dinformations-webinaires\/","url":"https:\/\/www.trekrosetrip.com\/cap-vert\/reunions-dinformations-webinaires\/","name":"Les r\u00e9unions d'informations & webinaires | Rose Trip Cap-Vert","isPartOf":{"@id":"https:\/\/www.trekrosetrip.com\/cap-vert\/#website"},"datePublished":"2024-04-23T10:26:16+00:00","dateModified":"2025-12-16T15:03:40+00:00","description":"R\u00e9servez votre place pour le Rose Trip Cap-Vert afin d'assurer votre pr\u00e9sence sur la ligne de d\u00e9part. Nombre de places limit\u00e9es !","breadcrumb":{"@id":"https:\/\/www.trekrosetrip.com\/cap-vert\/reunions-dinformations-webinaires\/#breadcrumb"},"inLanguage":"fr-FR","potentialAction":[{"@type":"ReadAction","target":["https:\/\/www.trekrosetrip.com\/cap-vert\/reunions-dinformations-webinaires\/"]}]},{"@type":"BreadcrumbList","@id":"https:\/\/www.trekrosetrip.com\/cap-vert\/reunions-dinformations-webinaires\/#breadcrumb","itemListElement":[{"@type":"ListItem","position":1,"name":"Accueil","item":"https:\/\/www.trekrosetrip.com\/cap-vert\/"},{"@type":"ListItem","position":2,"name":"Les r\u00e9unions d&rsquo;informations &#038; webinaires"}]},{"@type":"WebSite","@id":"https:\/\/www.trekrosetrip.com\/cap-vert\/#website","url":"https:\/\/www.trekrosetrip.com\/cap-vert\/","name":"Rose Trip Cap-Vert Boa Vista","description":"","potentialAction":[{"@type":"SearchAction","target":{"@type":"EntryPoint","urlTemplate":"https:\/\/www.trekrosetrip.com\/cap-vert\/?s={search_term_string}"},"query-input":{"@type":"PropertyValueSpecification","valueRequired":true,"valueName":"search_term_string"}}],"inLanguage":"fr-FR"}]}},"_links":{"self":[{"href":"https:\/\/www.trekrosetrip.com\/cap-vert\/wp-json\/wp\/v2\/pages\/207","targetHints":{"allow":["GET"]}}],"collection":[{"href":"https:\/\/www.trekrosetrip.com\/cap-vert\/wp-json\/wp\/v2\/pages"}],"about":[{"href":"https:\/\/www.trekrosetrip.com\/cap-vert\/wp-json\/wp\/v2\/types\/page"}],"author":[{"embeddable":true,"href":"https:\/\/www.trekrosetrip.com\/cap-vert\/wp-json\/wp\/v2\/users\/1"}],"replies":[{"embeddable":true,"href":"https:\/\/www.trekrosetrip.com\/cap-vert\/wp-json\/wp\/v2\/comments?post=207"}],"version-history":[{"count":4,"href":"https:\/\/www.trekrosetrip.com\/cap-vert\/wp-json\/wp\/v2\/pages\/207\/revisions"}],"predecessor-version":[{"id":2710,"href":"https:\/\/www.trekrosetrip.com\/cap-vert\/wp-json\/wp\/v2\/pages\/207\/revisions\/2710"}],"wp:attachment":[{"href":"https:\/\/www.trekrosetrip.com\/cap-vert\/wp-json\/wp\/v2\/media?parent=207"}],"curies":[{"name":"wp","href":"https:\/\/api.w.org\/{rel}","templated":true}]}}